Suppose 37 = -z*m + m. List the prime factors of m.
37
Let y = 4 - -1. Let o = y + -3. Suppose -o*c + 3*c - 2 = 0. What are the prime factors of c?
2
Let r(o) = -3*o - 2. Let u be r(-2). Suppose u*k = 1 + 11. Suppose -274 + 61 = -k*p. List the prime factors of p.
71
List the prime factors of ((-365)/(-10))/((-13)/(-364)).
2, 7, 73
Let b(l) = 9*l**2 - 20*l + 46. What are the prime factors of b(15)?
7, 11, 23
What are the prime factors of (-14)/119 - 38332/(-119)?
2, 7, 23
Let z be -3*7/((-21)/4). Let h be z/18 - 392/(-18). Suppose l = -l + h. What are the prime factors of l?
11
Let i be (12/15)/((-10)/475). Suppose 0 = -3*b + 7*b + 260. Let m = i - b. List the prime factors of m.
3
Let k = -145 + 313. Let l = k - 81. What are the prime factors of l?
3, 29
Let g = -2503 - -4988. What are the prime factors of g?
5, 7, 71
Suppose -5*c - 2*a + 8 = -3, 2*c = 5*a + 16. Suppose -3*s + 5*d - 79 = 166, c*d = 5*s + 403. List the prime factors of (6/(-4))/(6/s).
2, 5
Let g(h) = 3 + 5*h**2 + 8*h - 19*h**2 + h**3 + 0*h**2. Let j be g(14). Suppose -5*i + 10*i - j = 0. List the prime factors of i.
23
Suppose 0 = 2*b - u + 5*u - 44, b + 5*u = 7. Let a = 45 - b. List the prime factors of (4 - a/2)*-2.
5
Let k = 24 + 48. Let t = 4 + k. List the prime factors of t.
2, 19
Let o(f) = 37*f**2 - 8*f + 80. List the prime factors of o(-6).
2, 5, 73
Suppose 0 = -5*p - 2*x + 150 + 136, 3*p + 3*x - 168 = 0. Suppose 35*y = 39*y. Suppose -2*v - 2*w + 48 = y, 3*v = -0*w + 4*w + p. List the prime factors of v.
2, 11
Suppose -c - 2*a - 3 = 3*a, -2*c = -2*a - 6. Let z be 5/(-10) + 17/c. What are the prime factors of (12/(-7))/(z/(-84))?
2, 3
Suppose 0 = -s - a + 4900, -8*s + 13*s = -a + 24488. What are the prime factors of s?
59, 83
Let r = 1987 - 86. What are the prime factors of r?
1901
Let p be 72/(-9) - 4*1. Let n(y) = y**2 + 14*y + 24. Let c be n(p). Suppose v = -o + 36, v - 98 = -c*o - 3*o. What are the prime factors of o?
31
Suppose -4*s = m - 154, -2*m - 4*s = -s - 303. Suppose 514 = 4*f + m. What are the prime factors of f?
7, 13
Suppose 581 = 3*k - 748. What are the prime factors of k?
443
Let l = -729 - -1628. What are the prime factors of l?
29, 31
Let t = -63 - -91. Let b = 47 - t. List the prime factors of b.
19
Suppose 22*t = 24*t - 120. Suppose -b - t = -259. List the prime factors of b.
199
Suppose 20*g - 31338 = 2*g. List the prime factors of g.
1741
Let i(t) = -t - 8. Let w be i(-8). Suppose w = 4*b - 215 + 27. List the prime factors of b.
47
Let s(p) = 2*p**2 + 5*p + 23. Let r be s(-11). Suppose 78 = -3*w + r. What are the prime factors of w?
2, 11
Suppose -17*u - 1822 = -462. Let p = 34 - u. List the prime factors of p.
2, 3, 19
Let f(b) = -18*b - 2 + 3*b - 3*b. What are the prime factors of f(-6)?
2, 53
Suppose 0 = -82*t + 60695 - 9445. List the prime factors of t.
5
Let d(q) = 10*q**2 - q + 1. Let p be d(-2). Let j = p + -109. Let o = 126 + j. What are the prime factors of o?
2, 3, 5
Let g(f) = f**3 - f**2 + f. Let h(q) = 3*q**3 - 10*q**2 - 10*q + 3. Let d(t) = 2*g(t) - h(t). Suppose 0 = -2*u + 4*u - 18. What are the prime factors of d(u)?
2, 3
Let z(a) = -a**3 + 6*a**2 + 7*a - 2. Let c be z(5). Suppose 0 = -3*x - k + 118, 3*x - 121 = -2*k - 2*k. Let u = c - x. List the prime factors of u.
19
Suppose 2*y = 4*u + 6, 4*u = -0*y + 5*y + 15. Let l = y + 77. What are the prime factors of l?
2, 5, 7
Suppose 0 = -m + 12 - 5. Suppose m + 9 = 4*g. Suppose -4*z - 162 = -5*v - 0*z, -g*z = v - 18. List the prime factors of v.
2, 3, 5
Let b(x) = -139*x + 48. List the prime factors of b(-5).
743
Let d(x) = -x**2 + x - 35. Let h be d(0). Let y(p) = p**3 - p**2 + 4*p - 2. Let n be y(4). Let o = n + h. List the prime factors of o.
3
What are the prime factors of 12/4*9222/9?
2, 29, 53
Let a(m) = -624*m - 63. What are the prime factors of a(-2)?
3, 5, 79
Let f = -822 + 1345. What are the prime factors of f?
523
Let l(w) = 6*w - 3. Let o(s) = -1 - 7 - 3*s + 3. Let a be o(-4). List the prime factors of l(a).
3, 13
Let h be (111 + 1 - 0) + -2. What are the prime factors of ((-92)/10)/((-22)/h)?
2, 23
Suppose 2*a - 36 = -a. Let c = 22 + a. What are the prime factors of c?
2, 17
Suppose -2877 = -27*t + 20*t. List the prime factors of t.
3, 137
Let c(y) = y**3 - 76*y**2 - 42*y - 66. List the prime factors of c(77).
11, 239
Let f = 869 - 781. What are the prime factors of f?
2, 11
Let s = 99 - 58. Suppose -w + 7*f = 4*f - s, w + 3*f - 11 = 0. List the prime factors of w.
2, 13
Let w(r) = 9*r + 7. Let v(f) = f**2 + 10*f. Let x be v(-11). List the prime factors of w(x).
2, 53
Let p(r) = -141*r + 46. List the prime factors of p(-5).
751
Let l = 1609 + -1313. What are the prime factors of l?
2, 37
Let o = -67 + 7. Let m = 239 + o. List the prime factors of m.
179
Let n be 1/(((-1)/5)/(-1)). Suppose -18 = 2*c - n*p, -p + 3*p = 5*c + 3. List the prime factors of (-4 - -2) + (32 - c).
29
Let i(b) = 22*b**3 + 5*b**2 - 25. What are the prime factors of i(3)?
2, 307
Suppose 39 = 3*h - 2091. Suppose -430 - h = -10*u. What are the prime factors of u?
2, 3, 19
List the prime factors of (-138)/((-18)/((-99)/(-11))).
3, 23
Suppose w + 4*w - 40 = 0. Suppose m - 565 - 637 = -4*c, -4*m = -w. What are the prime factors of ((-9)/(-6))/(9/c)?
2, 5
Suppose 104*o - 703710 = -22*o. What are the prime factors of o?
5, 1117
Let u(a) = 7*a**2 + 7*a + 6. What are the prime factors of u(13)?
2, 5
Let r = 34 - 6. Let z = 34 - r. What are the prime factors of z?
2, 3
Let b(w) = 1 + 3*w + 4*w + 2 + 0. Let q(g) = -14*g - 5. Let r(n) = -7*b(n) - 4*q(n). What are the prime factors of r(4)?
3
Let h = 788 - 1958. List the prime factors of h/(-24) + 2/8.
7
Suppose 3*q + 9 = 0, i - 5*q - 4003 - 182 = 0. List the prime factors of i.
2, 3, 5, 139
Let k be -1*(-20)/4*1. Suppose 2*x = 8*o - k*o - 93, -4*o - x + 113 = 0. What are the prime factors of o?
29
Suppose 4*t - 4136 = 4896. List the prime factors of t.
2, 1129
Suppose 6 = 4*h - 6. Suppose -58 = -h*v + 41. What are the prime factors of v?
3, 11
Let z = -5 - -10. Let j(s) = -7*s**2 - s - 9. Let d(o) = -9*o**2 - o - 10. Let v(u) = 3*d(u) - 4*j(u). List the prime factors of v(z).
2, 3
Suppose 59 = 4*h - 489. Let k = h - 91. What are the prime factors of k?
2, 23
Let y(r) = -r**3 - 10*r**2 - 9*r - 12. Let f be y(-9). Let o = f + 16. What are the prime factors of -88*((-21)/(-6) - o)?
2, 11
Suppose 0 = -4*j + 20, 6*i - 4116 = 5*i + 4*j. List the prime factors of i.
2, 11, 47
Suppose -79 = 5*q + 3*m + 122, 0 = 2*q + 5*m + 88. Let i = 71 + q. List the prime factors of i.
2
Let n be (-4)/(-26) + (-44)/286. Suppose 3*k + k - 280 = n. What are the prime factors of k?
2, 5, 7
Let z(x) = 17*x**2 + x**2 - 10*x**2 - x**3 - 3 + x**2 - x. What are the prime factors of z(8)?
53
Let i be -2 + 0 - -5 - 3. Let r = 27 - i. Let y = r + -1. What are the prime factors of y?
2, 13
Suppose 1908 = 2*o + 4*f, 2*f = -3*o - 540 + 3394. What are the prime factors of o?
2, 5, 19
Let k(r) be the second derivative of r**5/20 - r**4/2 + 5*r**3/6 - r. Let m be k(5). Suppose s + m*s - 27 = 0. List the prime factors of s.
3
Suppose -125 = -2*p + 17. Suppose -3*l + p = s - 2, -118 = -2*s + l. What are the prime factors of s?
61
Suppose 0 = -5*h - 4*w - 307, -w - 4 + 1 = 0. Let p = 128 - h. List the prime factors of p.
11, 17
Let l(c) = 24 - 32*c - 25 + 9*c. Let y be l(-5). Let i = y - 59. What are the prime factors of i?
5, 11
Suppose 0 = -4*w + 5*s + 3, 3*w - 9 = -2*s - s. Suppose -4*t = 6 - 22, -4*i = 4*t - 388. Suppose -n = w*n - i. List the prime factors of n.
31
Let v = -6 - -11. Suppose -v*d + 3*x + 58 = 6*x, -74 = -5*d + x. What are the prime factors of d?
2, 7
Let b(u) = u + 12. Let f be b(-11). List the prime factors of 54/4*f/(-3)*-8.
2, 3
Let s be -21 + (-12 - 4)/(-4). Let u = s + 20. What are the prime factors of u?
3
Let g(q) = 100*q**2 - 31*q - 80. List the prime factors of g(-3).
11, 83
Let u(n) = -4*n**2 + 26*n - 39. Let l be u(17). List the prime factors of l/(-33) - 6/(-33).
23
Suppose 15*s - 8241 = -4*o + 18*s, -2*s = 5*o - 10284. What are the prime factors of o?
2, 3, 7
Let t = 5359 + -3828. What are the prime factors of t?
1531
Let b(u) = u**3 - 4*u**2 + 5*u + 1. Suppose 0 = -3*v - 17 + 59. Let h = v + -10. What are the prime factors of b(h)?
3, 7
Suppose 0 = 11*i - 18 - 26. Su